2*o, 0*p + p - 5*o + 4 = 0. What is the remainder when g is divided by (-6)/(-12)*p*2?
5
Suppose 5*z = 6*z - 7. Suppose -a + 16 = 4*v, 3*a = 3*v - 0*v + 3. Calculate the remainder when z is divided by a.
3
Let u = 50 - 24. Suppose 0 = -2*h + 2 - 4. Calculate the remainder when u + -1 - (h + -1) is divided by 14.
13
What is the remainder when 98/4 - 3/(-6) is divided by 13?
12
Suppose -34 = -2*l + l. Calculate the remainder when l is divided by 13.
8
Suppose 2*s + 2*s - 240 = 0. Suppose -12 = 3*h - s. What is the remainder when 60 is divided by h?
12
Let q be (-3)/(9/6 + -3). Suppose -3*p - q*p = -75. Suppose -3*w + p = -9. What is the remainder when 30 is divided by w?
6
Suppose -15 = 5*t - 2*i - 53, 5*i - 5 = 0. Calculate the remainder when 29 is divided by t.
5
Suppose 5*c = 5*y - 25, 7*y - 4*y + 2*c - 10 = 0. Calculate the remainder when 8 is divided by y.
0
Let j(y) = -y**2 - 9*y + 4. Let b be j(-11). Let g = -8 - b. Calculate the remainder when 28 is divided by g.
8
Let v = -90 - -122. Calculate the remainder when v is divided by 25.
7
Suppose 0 = 4*c - 57 - 119. Let f = 64 - 41. Calculate the remainder when c is divided by f.
21
Calculate the remainder when 11 is divided by (-2)/4*(-14 - 0/(-3)).
4
Suppose 3*p - p = 10. Calculate the remainder when 19 is divided by p.
4
Suppose -3*h = h - 160. Suppose 2*k - h - 82 = 0. What is the remainder when k is divided by 21?
19
Let u(k) = -k**2 - 8*k + 9. Let g be u(-9). Let x be (2 - 1) + (-3 - g). What is the remainder when 8 is divided by x/((-2)/(-6) + -1)?
2
Suppose 3*y - 4*y = -9. Suppose -u = -5 - y. What is the remainder when 1 + (41 - (-1 + 2)) is divided by u?
13
Suppose 6*i - 4*i - 12 = 0. Calculate the remainder when 56 is divided by i.
2
Let c(d) = -d**2 - 7*d - 3. Let n be c(-6). Let a(s) be the first derivative of s**2 - 4*s - 2. What is the remainder when 3 is divided by a(n)?
1
Suppose 0*h = 5*h. Suppose h = 2*q - 4*j - 36, -5*q = -2*j - j - 55. What is the remainder when 5/20 + 342/q is divided by 11?
10
Let a be (-4)/(-14) - (-2860)/35. Suppose 4*x + x + a = 4*f, 0 = 4*f + 2*x - 96. What is the remainder when f is divided by 6?
5
Let i(c) = -19*c**3 + 4*c**2 + 5*c + 2. What is the remainder when 97 is divided by i(-1)?
17
Suppose -9*x - 25 = -4*x, -12 = -p + 2*x. Suppose -4*l = -0*i - 2*i + 38, 4*l + 41 = 5*i. Calculate the remainder when l/(-6)*16/6 is divided by p.
0
Suppose 4*d + 15 + 1 = 0. Let b = 6 + d. Suppose -4*i + 18 - 6 = 0, -b*y + 4*i + 12 = 0. What is the remainder when 23 is divided by y?
11
Suppose -4*m = -7*m + 237. What is the remainder when m is divided by 20?
19
Calculate the remainder when (-10)/(-2)*(-57)/(-5) is divided by 30.
27
Let l(c) = c**2 + c - 5. Calculate the remainder when 29 is divided by l(-5).
14
Let w be (1 - 3)*77/14. Let z = 32 - 11. What is the remainder when z is divided by (w/2)/((-4)/8)?
10
Suppose 6 = 3*u - 63. Let v = u - 8. Calculate the remainder when v is divided by (8/5)/((-2)/(-10)).
7
Suppose -h - 140 = -2*h. What is the remainder when h is divided by 21?
14
Let w = 52 - 38. What is the remainder when 53 is divided by w?
11
Let n(w) = w**2 + 8*w + 2. Let u be n(-8). Let m(a) = a**3 - u*a + 3*a**2 - 4*a**2 + 5*a - 6*a. What is the remainder when m(3) is divided by 5?
4
Let s = -2 + 7. Let w(i) = 0 - 12 + s - 9*i - i**2. Calculate the remainder when 13 is divided by w(-7).
6
Let i(g) = g - 10. Let d(k) = k**2 + 3*k - 4. Calculate the remainder when d(-5) is divided by i(12).
0
Let l(o) = -o + 6. What is the remainder when 17 is divided by l(-1)?
3
Suppose 2*c + 30 = 88. Calculate the remainder when 66 is divided by c.
8
Suppose 4*z - 100 = 32. Let m = z - 8. What is the remainder when 47 is divided by m?
22
Let j = -47 - -53. What is the remainder when 45 is divided by j?
3
Let q(t) = -t**2 + 16*t - 8. What is the remainder when q(11) is divided by 10?
7
Suppose 2*z = -2*i + 154, -3*i - 2*z + 15 = -218. Suppose r + 4 + 1 = 0, -2*r - 74 = -4*g. Calculate the remainder when i is divided by g.
15
Let t(y) = -y**2 + 13*y - 15. Calculate the remainder when t(10) is divided by 8.
7
Let b = -11 + 25. Calculate the remainder when -3 + 0 + 6 - -50 is divided by b.
11
Suppose -2*l = -9 - 13. Let y be (1 + 1)*(-10)/(-4). Suppose 0 = y*i - 0*i - 20. What is the remainder when l is divided by i?
3
Suppose 0 = o + 8*o - 1017. Calculate the remainder when o is divided by 23.
21
Suppose -4*d - 2*p + 30 = 0, -42 = -4*d + 2*p - 0*p. What is the remainder when d is divided by 3?
0
Let k = 111 - 79. Calculate the remainder when 61 is divided by k.
29
What is the remainder when 17 - (0 - (1 - 3)) is divided by 9 + (-1 - 3 - -3)?
7
Suppose -47 = -3*m + 178. Calculate the remainder when m is divided by 20.
15
Suppose x - l - l = 52, 3*l - 104 = -2*x. What is the remainder when x is divided by 14?
10
Let s be (0 + (-2)/(-4))*8. Suppose s*w - k - 84 = 0, -9*w + 5*w - 2*k + 72 = 0. What is the remainder when w is divided by 11?
9
Calculate the remainder when (-1)/(186/63 + -3) is divided by 11.
10
What is the remainder when 0 + 1 + (3 - -8) is divided by 8?
4
Suppose 6 = 2*d - 20. Calculate the remainder when 46 is divided by d.
7
Let g(q) = -19*q**2 - 7*q + 5. Let d(p) = -20*p**2 - 6*p + 4. Let w(i) = -6*d(i) + 5*g(i). Suppose 6 + 3 = j. What is the remainder when w(-1) is divided by j?
7
Suppose 6*h - 40 = 2*h. Let z(u) = u + 10. Calculate the remainder when 77 is divided by z(h).
17
Calculate the remainder when ((-6)/10)/(3/(-375)) is divided by 19.
18
Let c = -40 - -48. Calculate the remainder when 38 is divided by c.
6
What is the remainder when 7 is divided by (26/(-39))/(2/(-45)*3)?
2
Let a = -136 - -197. Calculate the remainder when a is divided by 16.
13
What is the remainder when (-4650)/(-14) + 18/(-126) is divided by 37?
36
Let q(y) = 4*y**3 - 2*y**2 - y - 2. Let b be q(2). What is the remainder when 25*((-32)/b - -2) is divided by 3?
1
Suppose 372 = 40*n - 9*n. Calculate the remainder when (2/2)/((-1)/(-23)) is divided by n.
11
Let n be 3/(-1) - (-54)/(-3). Calculate the remainder when 3 is divided by (-6)/(-4)*(-14)/n.
0
Let s(d) = d**2 + 6*d + 8. Suppose -f - 4*k = 2*f - 65, 2*f - 4*k = 10. Calculate the remainder when f is divided by s(0).
7
Let s(m) = -2*m + 24. Calculate the remainder when s(7) is divided by 4.
2
Suppose -4*k - 9 = -p - 30, -2*p - 5*k + 10 = 0. Let o(q) = -5*q + 7. Let i be o(p). Suppose 3*f = 10 + i. What is the remainder when 27 is divided by f?
13
What is the remainder when 0 + 1 + -1 + 455/5 is divided by 32?
27
Let f = 1 + -1. Let o = f + 0. Suppose o*g + g - 16 = 0. Calculate the remainder when g is divided by 9.
7
Suppose 52 = -5*g + 3*z + 302, 2*z = 2*g - 104. Suppose 4*y = 3*y + 12. Let a = y + 4. Calculate the remainder when g is divided by a.
15
Suppose 0 = -3*d - q + 94, -5*d + q + 158 = 3*q. Let f(r) = r**2 + 5*r - 3. Let k be f(-5). Calculate the remainder when 21 is divided by 1/3*(d - k).
10
What is the remainder when 93 is divided by (20/(-40))/((-1)/38)?
17
Let u = -7 + 15. Calculate the remainder when u is divided by 6.
2
Let a(s) = s**3 - 4*s**2 + 11*s - 1. What is the remainder when a(6) is divided by 46?
45
Let k = 40 + 78. What is the remainder when k is divided by 30?
28
Let f(u) = u**2 + 10*u + 8. Calculate the remainder when f(-11) is divided by 4 + (-2 - (-5 - 0)).
5
Suppose 2*r - 48 = -5*v, -v - 48 = -2*r - 0*v. Calculate the remainder when 69 is divided by r.
21
Suppose 0*r = -4*r + 4. Let b = r - -13. Let q = -11 + 51. What is the remainder when q is divided by b?
12
Suppose -4*t - 19 = -183. What is the remainder when 79 is divided by t?
38
Let v = 66 - 47. What is the remainder when v is divided by 6?
1
Let l = 22 - 34. Calculate the remainder when 11 is divided by (-1*1)/(2/l).
5
Suppose -8*r = -3*r - 25. Suppose -22 = -r*b + 53. What is the remainder when b is divided by 8?
7
Suppose 4*c + 61 + 133 = 5*l, -20 = -5*c. What is the remainder when l is divided by 9?
6
Let z = 1 + 2. What is the remainder when 3 is divided by z?
0
Suppose 0 = 2*j - 0*j + 4. Let n(h) = -7*h**2 + 3*h + 1. Let b be n(j). Let g = 55 + b. Calculate the remainder when g is divided by 12.
10
Calculate the remainder when 40 - -3*(-2)/6 is divided by 14.
11
What is the remainder when ((-60)/9)/10 + (-292)/(-6) is d